{"id":5137,"date":"2026-01-10T11:40:16","date_gmt":"2026-01-10T10:40:16","guid":{"rendered":"https:\/\/media-market.es\/?post_type=product&#038;p=5137"},"modified":"2026-01-10T11:40:16","modified_gmt":"2026-01-10T10:40:16","slug":"300126478-accion","status":"publish","type":"product","link":"https:\/\/media-market.es\/?product=300126478-accion","title":{"rendered":"&#8211; 300126478, Acci\u00f3n"},"content":{"rendered":"<h2 class=\"sc-94eb08bc-0 kpOntF\">Descripci\u00f3n<\/h2>\n<div class=\"sc-a4db4a77-0 ebMPPc\" aria-hidden=\"true\"><\/div>\n<div id=\"description-content\" class=\"sc-b7f79d2b-5 dRVYzN\">\n<div class=\"sc-94eb08bc-0 cIXvrS sc-ca7874f-0 fxZZEq\" data-test=\"pdp-description-pim-fallback\">\n<p>Ingresa al peligroso para\u00edso de Skull and Bones, inspirado en el Oc\u00e9ano \u00cdndico durante la Edad de Oro de la pirater\u00eda, mientras superas el incre\u00edble desaf\u00edo de pasar de ser un paria a un infame pirata.<\/p>\n<\/div>\n<\/div>\n","protected":false},"excerpt":{"rendered":"<dl class=\"sc-657cef84-0 gXjDqa\">\n<dt>\n<div class=\"sc-657cef84-1 cHFbNd\">\n<p class=\"sc-94eb08bc-0 jeyKdz\">Clasificaci\u00f3n por edades (USK)<\/p>\n<\/div>\n<\/dt>\n<dd>\n<div class=\"sc-657cef84-1 cHFbNd\">\n<p class=\"sc-94eb08bc-0 jHmJio\">18+<\/p>\n<\/div>\n<\/dd>\n<dt>\n<div class=\"sc-657cef84-1 cHFbNd\">\n<p class=\"sc-94eb08bc-0 jeyKdz\">Fabricante<\/p>\n<\/div>\n<\/dt>\n<dd>\n<div class=\"sc-657cef84-1 cHFbNd\">\n<p class=\"sc-94eb08bc-0 jHmJio\">Ubisoft<\/p>\n<\/div>\n<\/dd>\n<dt>\n<div class=\"sc-657cef84-1 cHFbNd\">\n<p class=\"sc-94eb08bc-0 jeyKdz\">T\u00edtulo<\/p>\n<\/div>\n<\/dt>\n<dd>\n<div class=\"sc-657cef84-1 cHFbNd\">\n<p class=\"sc-94eb08bc-0 jHmJio\">Skull and Bones<\/p>\n<\/div>\n<\/dd>\n<dt>\n<div class=\"sc-657cef84-1 cHFbNd\">\n<p class=\"sc-94eb08bc-0 jeyKdz\">G\u00e9nero<\/p>\n<\/div>\n<\/dt>\n<dd>\n<div class=\"sc-657cef84-1 cHFbNd\">\n<p class=\"sc-94eb08bc-0 jHmJio\">Acci\u00f3n<\/p>\n<\/div>\n<\/dd>\n<\/dl>\n","protected":false},"featured_media":5138,"template":"","meta":[],"product_brand":[],"product_cat":[228],"product_tag":[],"class_list":{"0":"post-5137","1":"product","2":"type-product","3":"status-publish","4":"has-post-thumbnail","6":"product_cat-venta-flash-consolas-y-videojuegos","8":"first","9":"instock","10":"sale","11":"shipping-taxable","12":"purchasable","13":"product-type-simple"},"_links":{"self":[{"href":"https:\/\/media-market.es\/index.php?rest_route=\/wp\/v2\/product\/5137","targetHints":{"allow":["GET"]}}],"collection":[{"href":"https:\/\/media-market.es\/index.php?rest_route=\/wp\/v2\/product"}],"about":[{"href":"https:\/\/media-market.es\/index.php?rest_route=\/wp\/v2\/types\/product"}],"wp:featuredmedia":[{"embeddable":true,"href":"https:\/\/media-market.es\/index.php?rest_route=\/wp\/v2\/media\/5138"}],"wp:attachment":[{"href":"https:\/\/media-market.es\/index.php?rest_route=%2Fwp%2Fv2%2Fmedia&parent=5137"}],"wp:term":[{"taxonomy":"product_brand","embeddable":true,"href":"https:\/\/media-market.es\/index.php?rest_route=%2Fwp%2Fv2%2Fproduct_brand&post=5137"},{"taxonomy":"product_cat","embeddable":true,"href":"https:\/\/media-market.es\/index.php?rest_route=%2Fwp%2Fv2%2Fproduct_cat&post=5137"},{"taxonomy":"product_tag","embeddable":true,"href":"https:\/\/media-market.es\/index.php?rest_route=%2Fwp%2Fv2%2Fproduct_tag&post=5137"}],"curies":[{"name":"wp","href":"https:\/\/api.w.org\/{rel}","templated":true}]}}