{"id":5129,"date":"2026-01-10T11:37:31","date_gmt":"2026-01-10T10:37:31","guid":{"rendered":"https:\/\/media-market.es\/?post_type=product&#038;p=5129"},"modified":"2026-01-10T11:37:31","modified_gmt":"2026-01-10T10:37:31","slug":"consola-microsoft-xbox-series-s-1tb-carbon-black-1-tb-carbon-black","status":"publish","type":"product","link":"https:\/\/media-market.es\/?product=consola-microsoft-xbox-series-s-1tb-carbon-black-1-tb-carbon-black","title":{"rendered":"Consola &#8211; MICROSOFT Xbox Series S 1TB Carbon Black, 1 TB, Carbon Black"},"content":{"rendered":"<h2 class=\"sc-94eb08bc-0 kpOntF\">Descripci\u00f3n<\/h2>\n<div class=\"sc-a4db4a77-0 ebMPPc\" aria-hidden=\"true\"><\/div>\n<div id=\"description-content\" class=\"sc-b7f79d2b-5 dRVYzN\">\n<div class=\"sc-94eb08bc-0 cIXvrS sc-ca7874f-0 fxZZEq\" data-test=\"pdp-description-pim-fallback\">\n<p>Presentamos la Xbox Series S, la consola Xbox m\u00e1s peque\u00f1a y elegante de la historia. Experimenta la velocidad y el rendimiento de una consola totalmente digital de nueva generaci\u00f3n a un precio asequible. Disfruta de una biblioteca de m\u00e1s de 100 juegos de alta calidad, incluidos los t\u00edtulos nuevos de Xbox Game Studios como Halo Infinite en su d\u00eda de lanzamiento, cuando suscribas a Xbox Game Pass Ultimate (la suscripci\u00f3n se vende por separado). Cambia tu juego en una abrir y cerrar de ojos con Quick Resume&#8230; En el coraz\u00f3n de la Serie S se encuentra Arquitectura Xbox Velocity, impulsada por un SSD personalizado con software integrado para un juego m\u00e1s r\u00e1pido y optimizado con tiempo de carga m\u00e1s cortos.<\/p>\n<h3 class=\"sc-94eb08bc-0 dCpKIr\">Rendimiento de nueva generaci\u00f3n en la Xbox m\u00e1s peque\u00f1a de la historia<\/h3>\n<p>Presentamos Xbox Series S, la consola Xbox m\u00e1s peque\u00f1a y elegante de la historia . Experimenta la velocidad y el rendimiento de una consola totalmente digital de pr\u00f3xima generaci\u00f3n a un precio asequible.<\/p>\n<h3 class=\"sc-94eb08bc-0 dCpKIr\">Juega m\u00e1s, espera menos<\/h3>\n<p>Expertimenta la velocidad y el rendimiento de la pr\u00f3xima generaci\u00f3n con la Xbox Velocity Architecture, impulsada por un SSD personalizado y software integrado.<\/p>\n<h3 class=\"sc-94eb08bc-0 dCpKIr\">Funciones incre\u00edbles en una consola totalmente digital<\/h3>\n<p>Minimiza los tiempos de carga con su SSD NVMe de 1 TB personalizado y mu\u00e9vete sin problemas entre varios juegos jugados recientemente en un instante con Quick Resume. Adem\u00e1s, esta edici\u00f3n es de color Carbon Black (negro) .<\/p>\n<h3 class=\"sc-94eb08bc-0 dCpKIr\">Miles de juegos de cuatro generaciones<\/h3>\n<p>Disfruta de miles de juegos de cuatro generaciones Xbox, incluyendo Xbox One, Xbox 360 y Xbox Original con retrocompatibilidad.<\/p>\n<\/div>\n<\/div>\n","protected":false},"excerpt":{"rendered":"<dl class=\"sc-657cef84-0 gXjDqa\">\n<dt>\n<div class=\"sc-657cef84-1 cHFbNd\">\n<p class=\"sc-94eb08bc-0 jeyKdz\">Modelo de consola<\/p>\n<\/div>\n<\/dt>\n<dd>\n<div class=\"sc-657cef84-1 cHFbNd\">\n<p class=\"sc-94eb08bc-0 jHmJio\">Series S<\/p>\n<\/div>\n<\/dd>\n<dt>\n<div class=\"sc-657cef84-1 cHFbNd\">\n<p class=\"sc-94eb08bc-0 jeyKdz\">Capacidad memoria<\/p>\n<\/div>\n<\/dt>\n<dd>\n<div class=\"sc-657cef84-1 cHFbNd\">\n<p class=\"sc-94eb08bc-0 jHmJio\">1 TB<\/p>\n<\/div>\n<\/dd>\n<dt>\n<div class=\"sc-657cef84-1 cHFbNd\">\n<p class=\"sc-94eb08bc-0 jeyKdz\">Juegos incluidos<\/p>\n<\/div>\n<\/dt>\n<dd>\n<div class=\"sc-657cef84-1 cHFbNd\">\n<p class=\"sc-94eb08bc-0 jHmJio\">No<\/p>\n<\/div>\n<\/dd>\n<dt>\n<div class=\"sc-657cef84-1 cHFbNd\">\n<p class=\"sc-94eb08bc-0 jeyKdz\">Contenido<\/p>\n<\/div>\n<\/dt>\n<dd>\n<div class=\"sc-657cef84-1 cHFbNd\">\n<p class=\"sc-94eb08bc-0 jHmJio\">Consola, 1 Mando inal\u00e1mbrico, Manua<\/p>\n<\/div>\n<\/dd>\n<\/dl>\n","protected":false},"featured_media":5136,"template":"","meta":[],"product_brand":[],"product_cat":[228],"product_tag":[],"class_list":{"0":"post-5129","1":"product","2":"type-product","3":"status-publish","4":"has-post-thumbnail","6":"product_cat-venta-flash-consolas-y-videojuegos","8":"first","9":"instock","10":"sale","11":"shipping-taxable","12":"purchasable","13":"product-type-simple"},"_links":{"self":[{"href":"https:\/\/media-market.es\/index.php?rest_route=\/wp\/v2\/product\/5129","targetHints":{"allow":["GET"]}}],"collection":[{"href":"https:\/\/media-market.es\/index.php?rest_route=\/wp\/v2\/product"}],"about":[{"href":"https:\/\/media-market.es\/index.php?rest_route=\/wp\/v2\/types\/product"}],"wp:featuredmedia":[{"embeddable":true,"href":"https:\/\/media-market.es\/index.php?rest_route=\/wp\/v2\/media\/5136"}],"wp:attachment":[{"href":"https:\/\/media-market.es\/index.php?rest_route=%2Fwp%2Fv2%2Fmedia&parent=5129"}],"wp:term":[{"taxonomy":"product_brand","embeddable":true,"href":"https:\/\/media-market.es\/index.php?rest_route=%2Fwp%2Fv2%2Fproduct_brand&post=5129"},{"taxonomy":"product_cat","embeddable":true,"href":"https:\/\/media-market.es\/index.php?rest_route=%2Fwp%2Fv2%2Fproduct_cat&post=5129"},{"taxonomy":"product_tag","embeddable":true,"href":"https:\/\/media-market.es\/index.php?rest_route=%2Fwp%2Fv2%2Fproduct_tag&post=5129"}],"curies":[{"name":"wp","href":"https:\/\/api.w.org\/{rel}","templated":true}]}}