{"id":4782,"date":"2026-01-10T05:49:45","date_gmt":"2026-01-10T04:49:45","guid":{"rendered":"https:\/\/media-market.es\/?post_type=product&#038;p=4782"},"modified":"2026-01-10T05:49:45","modified_gmt":"2026-01-10T04:49:45","slug":"tv-32-pulgadas-161-articulos","status":"publish","type":"product","link":"https:\/\/media-market.es\/?product=tv-32-pulgadas-161-articulos","title":{"rendered":"TV 32 Pulgadas (161 art\u00edculos)"},"content":{"rendered":"<p>Si est\u00e1s pensando en comprar televisores de 28 a 32 pulgadas, debes tener en cuenta que estos ofrecen una imagen en Full HD, garantizando detalles m\u00e1s precisos y colores m\u00e1s vivos. Al ser Smart TVs, permiten el acceso a diferentes plataformas de streaming y la posibilidad de descarga de aplicaciones. La conectividad es otra de sus grandes ventajas, con entradas HDMI y USB que facilitan la conexi\u00f3n con otros dispositivos. Adicionalmente, la alta tasa de refresco consigue una visualizaci\u00f3n m\u00e1s fluida y sin interrupciones, y su configuraci\u00f3n de sonido envolvente mejora la experiencia audiovisual.<\/p>\n<dl class=\"sc-657cef84-0 gXjDqa\">\n<dt>\n<div class=\"sc-657cef84-1 cHFbNd\">\n<p class=\"sc-94eb08bc-0 jeyKdz\">Tipo de dispositivo<\/p>\n<\/div>\n<\/dt>\n<dd>\n<div class=\"sc-657cef84-1 cHFbNd\">\n<p class=\"sc-94eb08bc-0 jHmJio\">TV LED 32&#8243;<\/p>\n<\/div>\n<\/dd>\n<dt>\n<div class=\"sc-657cef84-1 cHFbNd\">\n<p class=\"sc-94eb08bc-0 jeyKdz\">Calidad de imagen<\/p>\n<\/div>\n<\/dt>\n<dd>\n<div class=\"sc-657cef84-1 cHFbNd\">\n<p class=\"sc-94eb08bc-0 jHmJio\">Full-HD<\/p>\n<\/div>\n<\/dd>\n<dt>\n<div class=\"sc-657cef84-1 cHFbNd\">\n<p class=\"sc-94eb08bc-0 jeyKdz\">Tama\u00f1o pantalla (cm\/pulg)<\/p>\n<\/div>\n<\/dt>\n<dd>\n<div class=\"sc-657cef84-1 cHFbNd\">\n<p class=\"sc-94eb08bc-0 jHmJio\">80 cm \/ 32 \u00ab<\/p>\n<\/div>\n<\/dd>\n<dt>\n<div class=\"sc-657cef84-1 cHFbNd\">\n<p class=\"sc-94eb08bc-0 jeyKdz\">Tama\u00f1o pantalla (pulgadas)<\/p>\n<\/div>\n<\/dt>\n<dd>\n<div class=\"sc-657cef84-1 cHFbNd\">\n<p class=\"sc-94eb08bc-0 jHmJio\">32 \u00ab<\/p>\n<\/div>\n<\/dd>\n<\/dl>\n","protected":false},"excerpt":{"rendered":"<p>SMART TV 27&#8243; &#8211; LG StanbyMe 27ART10AKPL, Full-HD, Procesador Inteligente \u03b17 4K Gen4 con IA, compatible con HDR10. Smart TV webOS 6.0, Beige<\/p>\n","protected":false},"featured_media":4791,"template":"","meta":[],"product_brand":[],"product_cat":[227],"product_tag":[],"class_list":{"0":"post-4782","1":"product","2":"type-product","3":"status-publish","4":"has-post-thumbnail","6":"product_cat-venta-fash-televisiones-populares","8":"first","9":"instock","10":"sale","11":"shipping-taxable","12":"purchasable","13":"product-type-simple"},"_links":{"self":[{"href":"https:\/\/media-market.es\/index.php?rest_route=\/wp\/v2\/product\/4782","targetHints":{"allow":["GET"]}}],"collection":[{"href":"https:\/\/media-market.es\/index.php?rest_route=\/wp\/v2\/product"}],"about":[{"href":"https:\/\/media-market.es\/index.php?rest_route=\/wp\/v2\/types\/product"}],"wp:featuredmedia":[{"embeddable":true,"href":"https:\/\/media-market.es\/index.php?rest_route=\/wp\/v2\/media\/4791"}],"wp:attachment":[{"href":"https:\/\/media-market.es\/index.php?rest_route=%2Fwp%2Fv2%2Fmedia&parent=4782"}],"wp:term":[{"taxonomy":"product_brand","embeddable":true,"href":"https:\/\/media-market.es\/index.php?rest_route=%2Fwp%2Fv2%2Fproduct_brand&post=4782"},{"taxonomy":"product_cat","embeddable":true,"href":"https:\/\/media-market.es\/index.php?rest_route=%2Fwp%2Fv2%2Fproduct_cat&post=4782"},{"taxonomy":"product_tag","embeddable":true,"href":"https:\/\/media-market.es\/index.php?rest_route=%2Fwp%2Fv2%2Fproduct_tag&post=4782"}],"curies":[{"name":"wp","href":"https:\/\/api.w.org\/{rel}","templated":true}]}}