{"id":5337,"date":"2026-01-15T07:55:51","date_gmt":"2026-01-15T06:55:51","guid":{"rendered":"https:\/\/media-market.es\/?page_id=5337"},"modified":"2026-01-15T07:56:41","modified_gmt":"2026-01-15T06:56:41","slug":"metodos-de-pago","status":"publish","type":"page","link":"https:\/\/media-market.es\/?page_id=5337","title":{"rendered":"M\u00e9todos de pago"},"content":{"rendered":"\t\t<div data-elementor-type=\"wp-page\" data-elementor-id=\"5337\" class=\"elementor elementor-5337\">\n\t\t\t\t<div class=\"elementor-element elementor-element-9c6433a e-con-full e-flex e-con e-parent\" data-id=\"9c6433a\" data-element_type=\"container\">\n\t\t\t\t<div class=\"elementor-element elementor-element-fb9cbb8 elementor-widget elementor-widget-text-editor\" data-id=\"fb9cbb8\" data-element_type=\"widget\" data-widget_type=\"text-editor.default\">\n\t\t\t\t\t\t\t\t\t<p style=\"text-align: center;\">Pago Seguro<\/p><p style=\"text-align: center;\">Con nosotros, prestamos especial atenci\u00f3n a la seguridad de sus transacciones. Todas son 100% seguras. Utilizamos un sistema de encriptaci\u00f3n SSL para proteger sus datos personales y el m\u00e9todo de pago utilizado.<\/p><p style=\"text-align: center;\">Hemos implementado controles mejorados en todas las transacciones con el sistema 3D Secure. Estas comprobaciones adicionales garantizan la identificaci\u00f3n del titular de la tarjeta y protegen contra el fraude.<\/p><p style=\"text-align: center;\">1- Pago con Tarjeta de Cr\u00e9dito<br \/>Para realizar una transacci\u00f3n en l\u00ednea, solo necesita pagar sus compras con tarjeta de cr\u00e9dito. Aceptamos todas las tarjetas bancarias mencionadas en la lista a continuaci\u00f3n.<\/p><p style=\"text-align: center;\">\u2013 VISA\u00ae<br \/>\u2013 Mastercard\u00ae<br \/>\u2013 Tarjeta Azul\u00ae<\/p><p style=\"text-align: center;\">2- Pago con PayPal<br \/>Tambi\u00e9n puede pagar sus compras a trav\u00e9s de PayPal, l\u00edder en m\u00e9todos de pago en l\u00ednea.<\/p><p style=\"text-align: center;\">3- Pago con Transferencia Bancaria<br \/>Tambi\u00e9n ofrecemos la opci\u00f3n de pagar sus compras mediante transferencia bancaria SEPA. Con este m\u00e9todo de pago, su pedido se procesa una vez que recibimos los fondos en nuestra cuenta bancaria.<\/p>\t\t\t\t\t\t\t\t<\/div>\n\t\t\t\t<\/div>\n\t\t\t\t<\/div>\n\t\t","protected":false},"excerpt":{"rendered":"<p>Pago Seguro Con nosotros, prestamos especial atenci\u00f3n a la seguridad de sus transacciones. Todas son 100% seguras. Utilizamos un sistema de encriptaci\u00f3n SSL para proteger sus datos personales y el m\u00e9todo de pago utilizado. Hemos implementado controles mejorados en todas las transacciones con el sistema 3D Secure. Estas comprobaciones adicionales garantizan la identificaci\u00f3n del titular<\/p>\n<div class=\"klb-readmore button\"><a class=\"btn link\" href=\"https:\/\/media-market.es\/?page_id=5337\">Read More <i class=\"klbth-icon-right-arrow\"><\/i><\/a><\/div>\n","protected":false},"author":1,"featured_media":0,"parent":0,"menu_order":0,"comment_status":"closed","ping_status":"closed","template":"","meta":{"footnotes":""},"class_list":["post-5337","page","type-page","status-publish","hentry"],"_links":{"self":[{"href":"https:\/\/media-market.es\/index.php?rest_route=\/wp\/v2\/pages\/5337","targetHints":{"allow":["GET"]}}],"collection":[{"href":"https:\/\/media-market.es\/index.php?rest_route=\/wp\/v2\/pages"}],"about":[{"href":"https:\/\/media-market.es\/index.php?rest_route=\/wp\/v2\/types\/page"}],"author":[{"embeddable":true,"href":"https:\/\/media-market.es\/index.php?rest_route=\/wp\/v2\/users\/1"}],"replies":[{"embeddable":true,"href":"https:\/\/media-market.es\/index.php?rest_route=%2Fwp%2Fv2%2Fcomments&post=5337"}],"version-history":[{"count":4,"href":"https:\/\/media-market.es\/index.php?rest_route=\/wp\/v2\/pages\/5337\/revisions"}],"predecessor-version":[{"id":5341,"href":"https:\/\/media-market.es\/index.php?rest_route=\/wp\/v2\/pages\/5337\/revisions\/5341"}],"wp:attachment":[{"href":"https:\/\/media-market.es\/index.php?rest_route=%2Fwp%2Fv2%2Fmedia&parent=5337"}],"curies":[{"name":"wp","href":"https:\/\/api.w.org\/{rel}","templated":true}]}}