{"id":5319,"date":"2026-01-15T07:42:13","date_gmt":"2026-01-15T06:42:13","guid":{"rendered":"https:\/\/media-market.es\/?page_id=5319"},"modified":"2026-01-15T07:50:32","modified_gmt":"2026-01-15T06:50:32","slug":"tipos-de-envios","status":"publish","type":"page","link":"https:\/\/media-market.es\/?page_id=5319","title":{"rendered":"Tipos de Env\u00edos"},"content":{"rendered":"\t\t<div data-elementor-type=\"wp-page\" data-elementor-id=\"5319\" class=\"elementor elementor-5319\">\n\t\t\t\t<div class=\"elementor-element elementor-element-54dfccd e-con-full e-flex e-con e-parent\" data-id=\"54dfccd\" data-element_type=\"container\">\n\t\t\t\t<div class=\"elementor-element elementor-element-1330acb elementor-widget elementor-widget-text-editor\" data-id=\"1330acb\" data-element_type=\"widget\" data-widget_type=\"text-editor.default\">\n\t\t\t\t\t\t\t\t\t<p class=\"sc-94eb08bc-0 ddxOln\" style=\"text-align: center;\">En MediaMarkt queremos que recibas tus compras de la forma m\u00e1s c\u00f3moda y r\u00e1pida posible. Aqu\u00ed encontrar\u00e1s toda la informaci\u00f3n y detalles sobre nuestras modalidades de entrega, para que puedas elegir la que mejor se ajuste a ti en cada ocasi\u00f3n.<\/p>\t\t\t\t\t\t\t\t<\/div>\n\t\t\t\t<\/div>\n\t\t<div class=\"elementor-element elementor-element-59614b0 e-con-full e-flex e-con e-parent\" data-id=\"59614b0\" data-element_type=\"container\">\n\t\t\t\t<div class=\"elementor-element elementor-element-b15060f elementor-widget elementor-widget-heading\" data-id=\"b15060f\" data-element_type=\"widget\" data-widget_type=\"heading.default\">\n\t\t\t\t\t<h2 class=\"elementor-heading-title elementor-size-default\">Entrega express\n<\/h2>\t\t\t\t<\/div>\n\t\t\t\t<\/div>\n\t\t<div class=\"elementor-element elementor-element-5ad0ef2 e-grid e-con-boxed e-con e-parent\" data-id=\"5ad0ef2\" data-element_type=\"container\">\n\t\t\t\t\t<div class=\"e-con-inner\">\n\t\t\t\t<div class=\"elementor-element elementor-element-7a8dcf6 elementor-widget elementor-widget-image\" data-id=\"7a8dcf6\" data-element_type=\"widget\" data-widget_type=\"image.default\">\n\t\t\t\t\t\t\t\t\t\t\t\t\t\t\t<img fetchpriority=\"high\" decoding=\"async\" width=\"787\" height=\"293\" src=\"https:\/\/media-market.es\/wp-content\/uploads\/2026\/01\/Recogida_en_30_min.webp\" class=\"attachment-large size-large wp-image-5321\" alt=\"\" srcset=\"https:\/\/media-market.es\/wp-content\/uploads\/2026\/01\/Recogida_en_30_min.webp 787w, https:\/\/media-market.es\/wp-content\/uploads\/2026\/01\/Recogida_en_30_min-300x112.webp 300w, https:\/\/media-market.es\/wp-content\/uploads\/2026\/01\/Recogida_en_30_min-768x286.webp 768w, https:\/\/media-market.es\/wp-content\/uploads\/2026\/01\/Recogida_en_30_min-600x223.webp 600w, https:\/\/media-market.es\/wp-content\/uploads\/2026\/01\/Recogida_en_30_min-90x34.webp 90w\" sizes=\"(max-width: 787px) 100vw, 787px\" \/>\t\t\t\t\t\t\t\t\t\t\t\t\t\t\t<\/div>\n\t\t\t\t<div class=\"elementor-element elementor-element-89d5aa9 elementor-widget elementor-widget-image\" data-id=\"89d5aa9\" data-element_type=\"widget\" data-widget_type=\"image.default\">\n\t\t\t\t\t\t\t\t\t\t\t\t\t\t\t<img decoding=\"async\" width=\"787\" height=\"293\" src=\"https:\/\/media-market.es\/wp-content\/uploads\/2026\/01\/Envio_casa_mismo_dia.webp\" class=\"attachment-large size-large wp-image-5322\" alt=\"\" srcset=\"https:\/\/media-market.es\/wp-content\/uploads\/2026\/01\/Envio_casa_mismo_dia.webp 787w, https:\/\/media-market.es\/wp-content\/uploads\/2026\/01\/Envio_casa_mismo_dia-300x112.webp 300w, https:\/\/media-market.es\/wp-content\/uploads\/2026\/01\/Envio_casa_mismo_dia-768x286.webp 768w, https:\/\/media-market.es\/wp-content\/uploads\/2026\/01\/Envio_casa_mismo_dia-600x223.webp 600w, https:\/\/media-market.es\/wp-content\/uploads\/2026\/01\/Envio_casa_mismo_dia-90x34.webp 90w\" sizes=\"(max-width: 787px) 100vw, 787px\" \/>\t\t\t\t\t\t\t\t\t\t\t\t\t\t\t<\/div>\n\t\t\t\t<div class=\"elementor-element elementor-element-7cb00f9 elementor-widget elementor-widget-image\" data-id=\"7cb00f9\" data-element_type=\"widget\" data-widget_type=\"image.default\">\n\t\t\t\t\t\t\t\t\t\t\t\t\t\t\t<img decoding=\"async\" width=\"787\" height=\"293\" src=\"https:\/\/media-market.es\/wp-content\/uploads\/2026\/01\/entras_con_globo.webp\" class=\"attachment-large size-large wp-image-5323\" alt=\"\" srcset=\"https:\/\/media-market.es\/wp-content\/uploads\/2026\/01\/entras_con_globo.webp 787w, https:\/\/media-market.es\/wp-content\/uploads\/2026\/01\/entras_con_globo-300x112.webp 300w, https:\/\/media-market.es\/wp-content\/uploads\/2026\/01\/entras_con_globo-768x286.webp 768w, https:\/\/media-market.es\/wp-content\/uploads\/2026\/01\/entras_con_globo-600x223.webp 600w, https:\/\/media-market.es\/wp-content\/uploads\/2026\/01\/entras_con_globo-90x34.webp 90w\" sizes=\"(max-width: 787px) 100vw, 787px\" \/>\t\t\t\t\t\t\t\t\t\t\t\t\t\t\t<\/div>\n\t\t\t\t\t<\/div>\n\t\t\t\t<\/div>\n\t\t<div class=\"elementor-element elementor-element-5cd5dbc e-grid e-con-boxed e-con e-parent\" data-id=\"5cd5dbc\" data-element_type=\"container\">\n\t\t\t\t\t<div class=\"e-con-inner\">\n\t\t\t\t<div class=\"elementor-element elementor-element-cfa1af2 elementor-widget elementor-widget-text-editor\" data-id=\"cfa1af2\" data-element_type=\"widget\" data-widget_type=\"text-editor.default\">\n\t\t\t\t\t\t\t\t\t<p><b>Recoge GRATIS tu pedido en tienda en tan solo 30 min<\/b><br \/><br \/>En MediaMarkt dispones de m\u00e1s de 100 tiendas para poder recoger tu pedido de forma gratuita.<br \/><br \/>Selecciona tu tienda favorita durante el proceso de compra, para que podamos indicarte si el producto que deseas est\u00e1 disponible para ser recogido en 30 min*.<\/p>\t\t\t\t\t\t\t\t<\/div>\n\t\t\t\t<div class=\"elementor-element elementor-element-88d5e38 elementor-widget elementor-widget-text-editor\" data-id=\"88d5e38\" data-element_type=\"widget\" data-widget_type=\"text-editor.default\">\n\t\t\t\t\t\t\t\t\t<p class=\"sc-94eb08bc-0 cIXvrS\"><b>Recibe HOY tu pedido<\/b><br \/><br \/>Realiza tu pedido antes de las 13h y rec\u00edbelo el mismo d\u00eda entre las 17h y 22h.<\/p><p class=\"sc-94eb08bc-0 cIXvrS\">Disponible actualmente para algunos c\u00f3digos postales de la provincia de Madrid. Seguimos trabajando para ampliar este servicio.<\/p>\t\t\t\t\t\t\t\t<\/div>\n\t\t\t\t<div class=\"elementor-element elementor-element-0a25252 elementor-widget elementor-widget-text-editor\" data-id=\"0a25252\" data-element_type=\"widget\" data-widget_type=\"text-editor.default\">\n\t\t\t\t\t\t\t\t\t<p class=\"sc-94eb08bc-0 cIXvrS\"><b>A domicilio con Glovo<\/b><\/p><p class=\"sc-94eb08bc-0 cIXvrS\">Si en tu ciudad opera Glovo, podr\u00e1s comprar a<b>\u00a0trav\u00e9s de su App\u00a0<\/b>para que recibir tu pedido* en aproximadamente 30 minutos en funci\u00f3n de tu ubicaci\u00f3n.<br \/><br \/>Para poder hacerlo, el producto deber\u00e1 estar en stock en tu tienda m\u00e1s cercana.<\/p>\t\t\t\t\t\t\t\t<\/div>\n\t\t\t\t\t<\/div>\n\t\t\t\t<\/div>\n\t\t<div class=\"elementor-element elementor-element-1f4cfbf e-flex e-con-boxed e-con e-parent\" data-id=\"1f4cfbf\" data-element_type=\"container\">\n\t\t\t\t\t<div class=\"e-con-inner\">\n\t\t\t\t<div class=\"elementor-element elementor-element-9d82b28 elementor-widget elementor-widget-heading\" data-id=\"9d82b28\" data-element_type=\"widget\" data-widget_type=\"heading.default\">\n\t\t\t\t\t<h2 class=\"elementor-heading-title elementor-size-default\">ENTREGAMOS A TODAS PARTES<\/h2>\t\t\t\t<\/div>\n\t\t\t\t\t<\/div>\n\t\t\t\t<\/div>\n\t\t\t\t<\/div>\n\t\t","protected":false},"excerpt":{"rendered":"<p>En MediaMarkt queremos que recibas tus compras de la forma m\u00e1s c\u00f3moda y r\u00e1pida posible. Aqu\u00ed encontrar\u00e1s toda la informaci\u00f3n y detalles sobre nuestras modalidades de entrega, para que puedas elegir la que mejor se ajuste a ti en cada ocasi\u00f3n. Entrega express Recoge GRATIS tu pedido en tienda en tan solo 30 min En<\/p>\n<div class=\"klb-readmore button\"><a class=\"btn link\" href=\"https:\/\/media-market.es\/?page_id=5319\">Read More <i class=\"klbth-icon-right-arrow\"><\/i><\/a><\/div>\n","protected":false},"author":1,"featured_media":0,"parent":0,"menu_order":0,"comment_status":"closed","ping_status":"closed","template":"","meta":{"footnotes":""},"class_list":["post-5319","page","type-page","status-publish","hentry"],"_links":{"self":[{"href":"https:\/\/media-market.es\/index.php?rest_route=\/wp\/v2\/pages\/5319","targetHints":{"allow":["GET"]}}],"collection":[{"href":"https:\/\/media-market.es\/index.php?rest_route=\/wp\/v2\/pages"}],"about":[{"href":"https:\/\/media-market.es\/index.php?rest_route=\/wp\/v2\/types\/page"}],"author":[{"embeddable":true,"href":"https:\/\/media-market.es\/index.php?rest_route=\/wp\/v2\/users\/1"}],"replies":[{"embeddable":true,"href":"https:\/\/media-market.es\/index.php?rest_route=%2Fwp%2Fv2%2Fcomments&post=5319"}],"version-history":[{"count":10,"href":"https:\/\/media-market.es\/index.php?rest_route=\/wp\/v2\/pages\/5319\/revisions"}],"predecessor-version":[{"id":5333,"href":"https:\/\/media-market.es\/index.php?rest_route=\/wp\/v2\/pages\/5319\/revisions\/5333"}],"wp:attachment":[{"href":"https:\/\/media-market.es\/index.php?rest_route=%2Fwp%2Fv2%2Fmedia&parent=5319"}],"curies":[{"name":"wp","href":"https:\/\/api.w.org\/{rel}","templated":true}]}}